e
Suppose -5*v + 2*w + 217537 = 0, -v - w - 43505 = -2*v. Let r = -25340 + v. Is r composite?
False
Let h(c) = 8*c - 15. Let d be -17 - (4 - 2) - -3. Let m be h(d). Let f = m + 228. Is f prime?
False
Let c = 385 - 391. Let u(n) = 28*n**2 + 6*n - 13. Is u(c) a composite number?
True
Is 14 + 0 + (-18 - -383019) a composite number?
True
Let g(h) = -5*h**3 - 15*h**2 + 118*h + 1499. Is g(-54) a composite number?
False
Let k(v) = 27389*v + 17185. Is k(12) a prime number?
True
Let w = 294264 - 181783. Is w prime?
True
Let f(o) = 16*o**3 - 3*o**2 - o + 14. Let k be f(3). Let d = k - -77. Is d a composite number?
True
Let o(g) = 462*g + 230*g**2 - 939*g + 459*g - 103. Is o(-5) a composite number?
False
Let y = -812 + 1606. Suppose -63*w = -61*w - y. Is w a prime number?
True
Let b(i) = -i**2 - 2*i + 3. Let s be b(3). Let f be 4 - 1/2*-164. Let r = f + s. Is r a prime number?
False
Suppose -r - 22 = 4*m, 5*r + 77 + 17 = -4*m. Let d(o) = -o**3 - 3*o**2 - 23*o - 13. Is d(r) a composite number?
False
Suppose -v + 859 = 3*a, -5*v - 3*a = -0*v - 4331. Let g be 1142/(-3) - (-7)/(-21). Let r = g + v. Is r composite?
False
Let k(y) be the second derivative of 17*y**7/420 - y**5/120 + y**4/24 + 14*y**3/3 - 7*y. Let m(u) be the second derivative of k(u). Is m(1) prime?
False
Let w(l) = -100*l + 18. Let t be w(10). Let c = -692 - t. Suppose 0 = -3*b + c + 247. Is b a composite number?
False
Let g = -114 - -120. Suppose -g*w = -w + 2*w. Suppose 0 = -3*a + 12, w = 4*y - 3*a + 4*a - 2288. Is y a prime number?
True
Let t = -70 - -74. Suppose 4*j - 6*u + u = 30, -t*u + 17 = 5*j. Suppose -z + 489 = -4*q - 0*q, -j*q = -3*z + 1432. Is z prime?
False
Suppose -5*z + 68 = -x, -110*x + 114*x + 206 = -2*z. Suppose 5*r = 7*r - 30. Is (2 + r/(-5))*x/1 prime?
True
Let l = 88058 + -55329. Is l composite?
True
Let b be 0 + 0/(8/(-4) + 0). Suppose -z - 2*d - 604 = 3*d, b = 2*z - 3*d + 1273. Let w = 413 - z. Is w a composite number?
True
Let q(o) = 11*o - 83. Let d be q(8). Suppose d*r - 30602 = -b, -4*r - 5*b = -b - 24472. Is r a composite number?
False
Let c(r) = 2*r**2 + r**2 + 6*r**2 + 5*r - 17. Suppose -s = -5*s + 24. Is c(s) a composite number?
False
Suppose -4*b - 4*t = -16, 8*b - 1 = 9*b - 4*t. Suppose -2*w = -b*p, 0 = -w - p + 1 + 4. Suppose -w*v + 2026 + 1157 = 0. Is v a composite number?
False
Let d(t) be the second derivative of t**7/126 - 19*t**6/360 - t**5/24 - t**4/3 - 13*t. Let p(c) be the third derivative of d(c). Is p(17) a prime number?
False
Suppose 4*d = -3*f + 25243, -f = -2*f - 4*d + 8409. Let n = -2379 + f. Suppose -5*m + n = -2217. Is m a prime number?
False
Let k(h) = 240*h - 53. Let q be k(18). Let x = q - -4890. Is x composite?
False
Let s(k) = k**3 - 7*k**2 - 8*k + 4. Let u be s(8). Suppose 2*l = -4*a + u, a - 3*l - 11 + 3 = 0. Suppose 4*j - a = 14. Is j a composite number?
True
Is (-6 + (-360765)/3)*(-18)/54 prime?
True
Suppose 21*u - 18573 = 12717. Let t = 3781 - u. Is t prime?
False
Let f(s) = 65*s**3 + s**2 - 5*s + 8. Let t be 3 - (6 - 5)/(1/(-2)). Suppose -2*c = -t*p + 15, 2*p - 3*c - 11 = -5. Is f(p) a prime number?
False
Suppose 44*j - 976518 = 26*j. Is j composite?
False
Let d(p) = -p**3 + 10*p**2 + 11*p - 2. Let m be d(11). Is 0 + 92 + 6/m composite?
False
Let t = 17 + -15. Suppose 0 = y - t*p - 1267, 2*p = -5*y - 2582 + 8977. Is y composite?
False
Suppose 180*h - 170*h - 126670 = 0. Is h a prime number?
False
Suppose 2*j = 4*s - 42, 2*j + 18 = 2*s - 0*j. Is -2 - (-201 - 5)*126/s prime?
True
Suppose -u + 18 + 0 = 0. Let t = 23 - u. Suppose -5*g - t*a - 131 = -8916, 4*g - 7028 = a. Is g a prime number?
False
Suppose 2*a = -0*a - 3*b + 7, 2*b = 3*a + 22. Let t(x) be the first derivative of -21*x**4/2 - 5*x**3/3 + 3*x**2/2 + 3*x + 247. Is t(a) composite?
True
Let h = 159 + -201. Is 2*(-7)/h*4197 a composite number?
False
Suppose 430 = -o + 4*u - 19567, 0 = 2*u - 4. Is (-1)/(((-6)/o)/(8/(-12))) composite?
False
Let s be (52/16)/(1/1636). Let v = -3462 + 46. Let w = s + v. Is w a composite number?
False
Let r be 2/(-1) - (1 - 5). Suppose r*p + 12 = 2*t, -5*p - 6*t + 20 = -t. Is -257*1*p/1 a composite number?
False
Let f(s) = -147*s - 20. Let y = -12 - -17. Suppose -y*q - 54 = q. Is f(q) a prime number?
True
Let p = 732659 - 434172. Is p a composite number?
True
Suppose -3*j + 24 = 102. Let n = j + 25. Is n + 1 + (14 - -1073) a composite number?
False
Let h(f) = 74*f + 49. Suppose -v = -j - 23, 0 = -5*v - 4*j + 49 + 21. Is h(v) prime?
True
Let o = 227724 + -129745. Is o composite?
True
Let u(w) = 949*w + 472. Is u(13) a prime number?
True
Suppose -5*o + 2*b + 422 = 0, 0 = 4*o - 9*b + 5*b - 340. Is 48/o + 67775/35 composite?
True
Let i be 1/((-6)/(-4))*(-38 - -44). Suppose -3008 = -i*q + 932. Is q prime?
False
Suppose -21*g + 101361 = -23505. Suppose -11*s = -5*s - g. Is s prime?
True
Let m be (4/1)/(-2 + 10 + -4). Is 9151/m - (-8 - (-11 - -3)) prime?
True
Let r = -28866 + 44988. Suppose -4161 = 27*x - r. Is x a composite number?
False
Let p(j) = 196*j**3 - 22*j**2 - 18*j - 5. Let m be p(-15). Is (-4)/(-22) + m/(-407) prime?
True
Let f(l) = -l**3 + 7*l**2 - 4*l - 8. Let j be f(6). Suppose j = 3*v + v. Is 1/(v/((-538)/(-2))) a prime number?
True
Suppose -2*z = -3*b + 104973, 69982 = -1144*b + 1146*b + 2*z. Is b a prime number?
False
Let c(h) = 17*h**2 - 36*h - 141. Let q be c(32). Is 118/(-5)*q/(-22) a composite number?
True
Suppose 3*r + 16*j - 15*j = 7028, 0 = -r + 3*j + 2346. Let o = 6570 - r. Is o prime?
False
Let m(n) = n**3 + 36*n**2 + 33*n - 70. Let a be m(-35). Suppose a = 6*q - 100907 + 8381. Is q prime?
False
Let p(n) = 3326*n + 12037. Is p(72) composite?
True
Suppose 3*m = 2*x + 1333, -7*m - 887 = -9*m + x. Suppose -p + m = -538. Is p prime?
False
Let z(d) = -980679*d**2 - 2*d + 2. Let q be z(1). Is q/(-205) - 8/10 a composite number?
False
Suppose 3*g + 100901 = i, -1137*i = -1142*i - g + 504569. Is i a prime number?
True
Let m = -277 + 281. Suppose -24340 = -m*q + 28048. Is q prime?
False
Suppose 4*b - 624 = 128. Let p(z) = z**3 - z**2 - 47*z + 154. Let j be p(3). Let l = b - j. Is l composite?
False
Let q = 129 - 124. Suppose q*u + 2*i = 6*i + 74101, 0 = -5*i + 5. Is u a prime number?
True
Let s = 38425 + 34812. Is s a prime number?
True
Let f = 649317 + -346606. Is f prime?
True
Let d = 510 + -504. Suppose 0*q - 873 = -3*q. Is q*(d*1 - (-3)/(-9)) a prime number?
False
Let n = 119 + -136. Let d(r) = -5*r**3 - 2*r**2 - 20*r + 10. Is d(n) prime?
True
Let r be -1114 - (10 - 6 - -2). Let w = r + 1601. Is w a composite number?
True
Let g be 9720*(20/8 - 2). Suppose -g = 4*o - 2*w, -4*w + 1208 = 3*o - 4*o. Let x = o - -2247. Is x a prime number?
True
Is (-2 + 1)*0/(-54) + 222631 composite?
True
Suppose -2422 = -3*w + 15326. Suppose w - 1426 = 10*r. Is r composite?
False
Let i = -1398 - -3602. Suppose 7*q - i = 15443. Is q a prime number?
True
Let x = 22555 - 11966. Is x prime?
True
Suppose -148562 = -17*s + 4472157. Is s a composite number?
False
Suppose 96*w + 45418 - 119050 = 0. Is w composite?
True
Suppose -72 = x - 7*x. Suppose -x = -4*m - 8. Is (7/(-23 + 2))/(m/(-1437)) a prime number?
True
Suppose 5*n - 7503 = -5*x + 1277322, n + 1027840 = 4*x. Is x prime?
False
Suppose -14*j + 193 = 53. Is (2 - (-1235)/j)*82 composite?
True
Let u be 4/((-16)/348) + (1 - 7). Let l = 386 + u. Is l a composite number?
False
Suppose -3*j + 128765 = -0*j - 2*u, -128771 = -3*j - u. Let o = 64884 - j. Is o a prime number?
True
Is ((-32)/(-8))/32 - 8912710/(-80) composite?
False
Let r be 2 - (-1)/(-1) - -143. Let s be ((-1)/4 + -1)/(108/8208). Let a = r - s. Is a a prime number?
True
Let k = 132 + -125. Is 807/5 + ((-28)/10)/k prime?
False
Let j(f) = -1882*f - 731. Is j(-26) prime?
False
Is (-1711510)/(-14) + (-12 - 258/(-21)) prime?
True
Let t(n) = 26*n**2 - 113*n - 7235. Is t(-76) composite?
True
Let d(i) = -5*i**2 + 14*i + 1679501. Is d(0) a composite number?
False
Let k be (3 + -1 - 2)/2. Suppose k = g - 3 + 1. Suppose s - g*s = -1117. Is s a prime number?
True
Suppose 15*s + 325 = -10*s. Let i(l) = -5*l**3 - 7*l**2 + 13*l - 20. Is i(s) a prime number?
True
Let x(q) = 34*q**2 + 39*q + 120. Is x(73) prime?
True
Let i be (17878*1/6)/(1/18). Is -2*2*i/(-24) composite?
True
Let h(t) = t**3 - 5*t**2 - 5*t - 3. Let j be h(6). Let u(o) = -1727*o + 10. Let b(v) =